
7
What is the thousands digit of 107435?
7
What is the tens digit of 514388?
8
What is the ten thousands digit of 238508?
3
What is the thousands digit of 559825?
9
What is the thousands digit of 2200620?
0
What is the tens digit of 44061433?
3
What is the hundred thousands digit of 1257337?
2
What is the hundreds digit of 20439280?
2
What is the ten thousands digit of 480192?
8
What is the units digit of 261094?
4
What is the thousands digit of 548666?
8
What is the tens digit of 1278752?
5
What is the units digit of 804588?
8
What is the hundreds digit of 3879680?
6
What is the thousands digit of 59107?
9
What is the ten thousands digit of 1223948?
2
What is the ten thousands digit of 3355408?
5
What is the hundreds digit of 4278914?
9
What is the units digit of 213626?
6
What is the hundred thousands digit of 20640848?
6
What is the units digit of 35697?
7
What is the hundred thousands digit of 13498604?
4
What is the hundreds digit of 8482701?
7
What is the tens digit of 144020?
2
What is the units digit of 4248014?
4
What is the units digit of 27902084?
4
What is the ten thousands digit of 123933?
2
What is the hundreds digit of 169332?
3
What is the units digit of 6121776?
6
What is the thousands digit of 9268883?
8
What is the thousands digit of 708837?
8
What is the hundred thousands digit of 733515?
7
What is the thousands digit of 220571?
0
What is the thousands digit of 1032643?
2
What is the ten thousands digit of 5083797?
8
What is the millions digit of 2345072?
2
What is the millions digit of 7173280?
7
What is the hundreds digit of 3422056?
0
What is the hundreds digit of 11059530?
5
What is the tens digit of 61031?
3
What is the thousands digit of 1999528?
9
What is the hundreds digit of 9461459?
4
What is the units digit of 5664295?
5
What is the units digit of 9297882?
2
What is the millions digit of 2146940?
2
What is the hundreds digit of 1414202?
2
What is the ten thousands digit of 2945390?
4
What is the thousands digit of 494513?
4
What is the hundred thousands digit of 7289901?
2
What is the thousands digit of 6667666?
7
What is the tens digit of 23736551?
5
What is the thousands digit of 277351?
7
What is the ten thousands digit of 445780?
4
What is the tens digit of 6216498?
9
What is the hundred thousands digit of 141321?
1
What is the millions digit of 2308976?
2
What is the ten thousands digit of 177378?
7
What is the ten thousands digit of 7603360?
0
What is the millions digit of 1295495?
1
What is the hundred thousands digit of 2823836?
8
What is the thousands digit of 14579701?
9
What is the hundreds digit of 903460?
4
What is the ten thousands digit of 1625309?
2
What is the hundreds digit of 60598?
5
What is the millions digit of 3792394?
3
What is the thousands digit of 246107?
6
What is the ten thousands digit of 3386579?
8
What is the ten thousands digit of 2381073?
8
What is the units digit of 95474?
4
What is the ten thousands digit of 1073840?
7
What is the thousands digit of 665578?
5
What is the hundreds digit of 400134?
1
What is the tens digit of 484519?
1
What is the units digit of 31006?
6
What is the millions digit of 2798154?
2
What is the units digit of 933031?
1
What is the tens digit of 457389?
8
What is the thousands digit of 54517?
4
What is the units digit of 3588862?
2
What is the millions digit of 2334723?
2
What is the hundreds digit of 154628?
6
What is the tens digit of 874789?
8
What is the units digit of 336039?
9
What is the tens digit of 85729?
2
What is the millions digit of 2017363?
2
What is the hundred thousands digit of 672399?
6
What is the hundreds digit of 977?
9
What is the units digit of 2118140?
0
What is the units digit of 1804392?
2
What is the thousands digit of 735335?
5
What is the thousands digit of 3441470?
1
What is the hundred thousands digit of 3357990?
3
What is the units digit of 109959?
9
What is the units digit of 227092?
2
What is the hundred thousands digit of 2235156?
2
What is the units digit of 26578?
8
What is the millions digit of 1455386?
1
What is the thousands digit of 8592305?
2
What is the hundreds digit of 260533?
5
What is the hundreds digit of 6317924?
9
What is the hundred thousands digit of 566017?
5
What is the ten thousands digit of 15414859?
1
What is the tens digit of 998894?
9
What is the thousands digit of 800742?
0
What is the tens digit of 726708?
0
What is the ten thousands digit of 1630789?
3
What is the tens digit of 33259?
5
What is the ten thousands digit of 1101421?
0
What is the units digit of 35230?
0
What is the ten thousands digit of 428911?
2
What is the millions digit of 1963527?
1
What is the hundreds digit of 38339?
3
What is the units digit of 246399?
9
What is the tens digit of 15222444?
4
What is the units digit of 535823?
3
What is the tens digit of 160107?
0
What is the hundreds digit of 46516?
5
What is the ten thousands digit of 3409034?
0
What is the units digit of 7781364?
4
What is the hundreds digit of 126628?
6
What is the hundred thousands digit of 7789728?
7
What is the thousands digit of 215227?
5
What is the tens digit of 1681988?
8
What is the units digit of 3719551?
1
What is the units digit of 6727811?
1
What is the units digit of 120596?
6
What is the millions digit of 9219245?
9
What is the hundred thousands digit of 122626?
1
What is the thousands digit of 121716?
1
What is the units digit of 4411075?
5
What is the tens digit of 604303?
0
What is the ten thousands digit of 15303389?
0
What is the ten thousands digit of 854355?
5
What is the hundreds digit of 3898636?
6
What is the ten millions digit of 10055423?
1
What is the hundred thousands digit of 7602685?
6
What is the hundreds digit of 202938?
9
What is the hundreds digit of 2178022?
0
What is the millions digit of 16735576?
6
What is the units digit of 311681?
1
What is the units digit of 73111?
1
What is the tens digit of 6045040?
4
What is the thousands digit of 27896022?
6
What is the ten thousands digit of 2736917?
3
What is the millions digit of 4699067?
4
What is the hundreds digit of 73401?
4
What is the units digit of 4913673?
3
What is the hundred thousands digit of 130671?
1
What is the millions digit of 1477942?
1
What is the thousands digit of 23558526?
8
What is the thousands digit of 71451?
1
What is the thousands digit of 427737?
7
What is the hundreds digit of 3736863?
8
What is the hundred thousands digit of 4821261?
8
What is the ten thousands digit of 186264?
8
What is the ten thousands digit of 3182158?
8
What is the millions digit of 4025860?
4
What is the units digit of 353960?
0
What is the hundreds digit of 451065?
0
What is the thousands digit of 907274?
7
What is the tens digit of 767825?
2
What is the hundred thousands digit of 2281985?
2
What is the hundreds digit of 81589?
5
What is the millions digit of 15446814?
5
What is the hundreds digit of 3502100?
1
What is the tens digit of 30046?
4
What is the units digit of 50518?
8
What is the hundreds digit of 274901?
9
What is the thousands digit of 5281387?
1
What is the thousands digit of 176974?
6
What is the tens digit of 36627?
2
What is the units digit of 7902814?
4
What is the units digit of 430616?
6
What is the hundreds digit of 147755?
7
What is the millions digit of 11924854?
1
What is the thousands digit of 430313?
0
What is the hundreds digit of 73590?
5
What is the ten thousands digit of 2064122?
6
What is the units digit of 487268?
8
What is the hundreds digit of 261884?
8
What is the tens digit of 651613?
1
What is the hundreds digit of 522499?
4
What is the units digit of 30778?
8
What is the units digit of 101291?
1
What is the hundred thousands digit of 416891?
4
What is the tens digit of 1575017?
1
What is the thousands digit of 491288?
1
What is the tens digit of 3618431?
3
What is the units digit of 1730192?
2
What is the millions digit of 15084302?
5
What is the ten thousands digit of 8748612?
4
What is the hundred thousands digit of 735681?
7
What is the tens digit of 3790807?
0
What is the millions digit of 1446427?
1
What is the hundreds digit of 391594?
5
What is the tens digit of 46953?
5
What is the hundreds digit of 116162?
1
What is the ten thousands digit of 5495540?
9
What is the tens digit of 6270769?
6
What is the ten thousa